856.
2, 226991
What are the prime factors of 26253398?
2, 83, 89, 1777
What are the prime factors of 73330?
2, 5, 7333
What are the prime factors of 1152134?
2, 449, 1283
List the prime factors of 543285.
3, 5, 12073
List the prime factors of 6010286.
2, 181, 16603
What are the prime factors of 13877976?
2, 3, 7, 11801
What are the prime factors of 286274?
2, 143137
What are the prime factors of 4814367?
3, 101, 15889
List the prime factors of 46110.
2, 3, 5, 29, 53
List the prime factors of 37467.
3, 23, 181
List the prime factors of 292575.
3, 5, 47, 83
What are the prime factors of 1989972?
2, 3, 167, 331
List the prime factors of 51702.
2, 3, 7, 1231
What are the prime factors of 1050868?
2, 7, 13, 2887
List the prime factors of 11842189.
11842189
What are the prime factors of 1188157?
23, 51659
What are the prime factors of 6004067?
6004067
What are the prime factors of 3672963?
3, 7, 173, 337
What are the prime factors of 19171830?
2, 3, 5, 149, 4289
What are the prime factors of 430236?
2, 3, 17, 19, 37
List the prime factors of 879040.
2, 5, 41, 67
What are the prime factors of 9645585?
3, 5, 643039
What are the prime factors of 403369?
403369
List the prime factors of 182725.
5, 7309
List the prime factors of 12144859.
12144859
List the prime factors of 22474952.
2, 17, 9721
List the prime factors of 741370.
2, 5, 7, 17, 89
What are the prime factors of 17104446?
2, 3, 19, 5557
What are the prime factors of 392357?
7, 23, 2437
What are the prime factors of 5563992?
2, 3, 7, 33119
What are the prime factors of 5188456?
2, 7, 13, 7127
What are the prime factors of 1206331?
7, 3517
What are the prime factors of 297065?
5, 19, 53, 59
List the prime factors of 11787451.
13, 906727
What are the prime factors of 5093430?
2, 3, 5, 41, 101
List the prime factors of 19202097.
3, 907, 7057
What are the prime factors of 1705866?
2, 3, 284311
List the prime factors of 7797075.
3, 5, 11, 13, 727
List the prime factors of 967773.
3, 322591
List the prime factors of 140129.
11, 12739
List the prime factors of 317053.
11, 19, 37, 41
What are the prime factors of 1272924?
2, 3, 19, 1861
List the prime factors of 3059290.
2, 5, 13, 101, 233
What are the prime factors of 12731929?
7, 17, 97, 1103
List the prime factors of 298046.
2, 7, 61, 349
List the prime factors of 99815.
5, 19963
What are the prime factors of 1283887?
11, 19, 6143
List the prime factors of 175053.
3, 23, 43, 59
List the prime factors of 74391.
3, 137, 181
List the prime factors of 33663.
3, 7, 229
List the prime factors of 82867.
173, 479
What are the prime factors of 16147859?
7, 13, 61, 2909
List the prime factors of 884621.
19, 46559
List the prime factors of 644168.
2, 7, 11503
What are the prime factors of 10460?
2, 5, 523
What are the prime factors of 555585?
3, 5, 37039
What are the prime factors of 953362?
2, 476681
List the prime factors of 15614046.
2, 3, 7, 281
List the prime factors of 6313161.
3, 269, 7823
What are the prime factors of 1426205?
5, 11, 25931
List the prime factors of 7413563.
7413563
What are the prime factors of 101873?
101873
What are the prime factors of 13839788?
2, 67, 113, 457
What are the prime factors of 228541?
449, 509
List the prime factors of 9381351.
3, 7, 446731
What are the prime factors of 419231?
419231
List the prime factors of 27531300.
2, 3, 5, 91771
What are the prime factors of 94219?
94219
List the prime factors of 125597.
125597
List the prime factors of 2866345.
5, 73, 7853
What are the prime factors of 125532?
2, 3, 11, 317
List the prime factors of 3197629.
457, 6997
What are the prime factors of 270924?
2, 3, 107, 211
List the prime factors of 341471.
13, 26267
List the prime factors of 2436779.
317, 7687
What are the prime factors of 1054901?
17, 62053
List the prime factors of 29144.
2, 3643
What are the prime factors of 306327?
3, 7, 29, 503
What are the prime factors of 7365582?
2, 3, 7, 1193
List the prime factors of 2792640.
2, 3, 5, 2909
What are the prime factors of 930548?
2, 59, 3943
What are the prime factors of 289331?
7, 41333
What are the prime factors of 348490?
2, 5, 34849
List the prime factors of 28616611.
383, 74717
What are the prime factors of 2857970?
2, 5, 107, 2671
What are the prime factors of 23463189?
3, 289669
List the prime factors of 670042.
2, 335021
What are the prime factors of 302405?
5, 31, 1951
List the prime factors of 734008.
2, 11, 19, 439
List the prime factors of 6661125.
3, 5, 31, 191
List the prime factors of 8532.
2, 3, 79
What are the prime factors of 1480550?
2, 5, 29611
What are the prime factors of 2470478?
2, 1235239
What are the prime factors of 3610?
2, 5, 19
What are the prime factors of 115196?
2, 31, 929
What are the prime factors of 161805?
3, 5, 7, 23, 67
What are the prime factors of 157173?
3, 52391
List the prime factors of 42204.
2, 3, 3517
What are the prime factors of 23983750?
2, 5, 7, 2741
What are the prime factors of 12103177?
1279, 9463
What are the prime factors of 8953474?
2, 1973, 2269
List the prime factors of 386454.
2, 3, 29, 2221
List the prime factors of 2109658.
2, 397, 2657
List the prime factors of 2460132.
2, 3, 2531
What are the prime factors of 1770563?
23, 3347
List the prime factors of 607533.
3, 313, 647
List the prime factors of 879407.
101, 8707
List the prime factors of 2889661.
719, 4019
List the prime factors of 14444545.
5, 2888909
List the prime factors of 467540.
2, 5, 97, 241
What are the prime factors of 6572636?
2, 7, 43, 53, 103
What are the prime factors of 424432?
2, 41, 647
List the prime factors of 654214.
2, 11, 131, 227
List the prime factors of 238796.
2, 59699
What are the prime factors of 3049604?
2, 762401
List the prime factors of 13099695.
3, 5, 7, 124759
What are the prime factors of 15183968?
2, 474499
List the prime factors of 172741.
172741
What are the prime factors of 49671?
3, 5519
List the prime factors of 741506.
2, 17, 113, 193
What are the prime factors of 716695?
5, 7, 20477
What are the prime factors of 3587580?
2, 3, 5, 19, 1049
List the prime factors of 972566.
2, 7, 127, 547
List the prime factors of 4584667.
557, 8231
List the prime factors of 1694908.
2, 423727
What are the prime factors of 16769155?
5, 13, 257987
What are the prime factors of 1913943?
3, 653, 977
List the prime factors of 81437.
31, 37, 71
What are the prime factors of 11669315?
5, 7, 59, 5651
List the prime factors of 5904502.
2, 43, 71, 967
List the prime factors of 6831576.
2, 3, 239, 397
List the prime factors of 593360.
2, 5, 7417
List the prime factors of 58354.
2, 163, 179
List the prime factors of 84987.
3, 7, 19, 71
What are the prime factors of 341219?
341219
List the prime factors of 3571305.
3, 5, 41, 5807
List the prime factors of 1043196.
2, 3, 7, 11, 1129
What are the prime factors of 6250863?
3, 29, 71849
List the prime factors of 4476657.
3, 1492219
What are the prime factors of 184887?
3, 20543
List the prime factors of 7497169.
107, 70067
What are the prime factors of 1223477?
31, 61, 647
What are the prime factors of 9786169?
17, 61, 9437
What are the prime factors of 334278?
2, 3, 7, 379
List the prime factors of 8738658.
2, 3, 41, 3947
List the prime factors of 6348949.
571, 11119
What are the prime factors of 299733?
3, 7, 2039
List the prime factors of 8715896.
2, 7, 23, 67, 101
What are the prime factors of 13205210?
2, 5, 269, 4909
What are the prime factors of 14649364?
2, 251, 14591
What are the prime factors of 17806?
2, 29, 307
What are the prime factors of 432988?
2, 108247
What are the prime factors of 5343380?
2, 5, 7, 38167
List the prime factors of 22522056.
2, 3, 367, 2557
List the prime factors of 2651244.
2, 3, 31, 7127
List the prime factors of 3718829.
59, 63031
What are the prime factors of 164881?
164881
What are the prime factors of 227072?
2, 887
List the prime factors of 4818600.
2, 3, 5, 2677
List the prime factors of 1398027.
3, 466009
What are the prime factors of 3863475?
3, 5, 7, 11, 223
What are the prime factors of 376620?
2, 3, 5, 6277
What are the prime factors of 3607409?
13, 277493
What are the prime factors of 315922?
2, 137, 1153
What are the prime factors of 393621?
3, 179, 733
What are the prime factors of 4354911?
3, 11, 31, 43
List the prime factors of 4941408.
2, 3, 51